/3*o**3. List the prime factors of t(8).
2, 5
Let f = 32 + -18. Let x = f - 16. List the prime factors of (-5)/((-2)/2) - x.
7
Suppose 10*b + 436 = 11*b. What are the prime factors of b?
2, 109
Suppose -5*a - 4*l = -0*a - 758, -5*l + 610 = 4*a. List the prime factors of a.
2, 3, 5
Suppose 2*x + 5*n + 5 = 4*n, 0 = -5*x - n - 5. Let w(q) = q**2 + 1. Let r be w(1). Suppose j + x*p = -r*p + 19, -j + 40 = -5*p. List the prime factors of j.
5
Let k(n) = -11*n**2 + n + 15. Let t(s) = 5*s**2 - s - 7. Let h(j) = -4*k(j) - 9*t(j). Let v = -6 - -11. List the prime factors of h(v).
3
Let z(s) = 34*s**2 - 19*s + 14. What are the prime factors of z(10)?
2, 13, 31
Suppose 0 = 2*w + 15*w - 17187. What are the prime factors of w?
3, 337
Let o be 2*((-30)/4 - -1). Let k = 16 + o. What are the prime factors of k?
3
Let v(h) = 126*h + 13. Let z(p) = 42*p + 4. Let m(j) = -2*v(j) + 7*z(j). Let o be m(-1). What are the prime factors of o/16*(-54)/5?
3
What are the prime factors of 99674/215 - (-2)/5?
2, 29
Suppose 8*h = 349 + 75. What are the prime factors of h?
53
List the prime factors of (-1 - 0/1)/((-173)/110374).
2, 11, 29
Suppose -48972 - 72214 = -26*z. What are the prime factors of z?
59, 79
Let p(t) = -t**2 - 12*t - 12. Let s be 10/6*(0 + 27). Suppose s = -5*k - 0*k. What are the prime factors of p(k)?
3, 5
Let g = 45 + -45. Suppose -30*t + 25*t + 1080 = g. What are the prime factors of t?
2, 3
List the prime factors of 213/4 + (-12)/(-16).
2, 3
Let t(j) = -3 - 4*j + 18 - 10 + j**2. Let k be t(4). Suppose -5*o = 2*p - 0*p - 22, 0 = k*p + 2*o - 97. What are the prime factors of p?
3, 7
Suppose -5*t = -3*s + 3542, 2 + 2 = -t. List the prime factors of s.
2, 587
Let c be (-2 - 3 - -1) + 7. Suppose c*n + 4*a - 28 = -a, 5*n + 4*a = 38. Suppose -n*t + 106 = -3*t + 2*p, 0 = -3*p + 6. List the prime factors of t.
2, 17
Let r(p) = 2*p**2 + 2*p + 1. Let a be r(-2). Let x be 16/10*225/10. Let w = x - a. List the prime factors of w.
31
Let g(a) = -a**2 + 9*a - 4. Let h be g(8). Suppose h*s = -0*s + 180. What are the prime factors of s?
3, 5
Let p(i) = -9*i - 18*i**2 + 0*i + 19 - 17*i**2 + 36*i**2. List the prime factors of p(7).
5
List the prime factors of (1/2)/(110/153120).
2, 3, 29
Let w(q) = -5*q**2 - 2*q + 6. Let a be w(-4). Suppose -5*r - 162 + 652 = 0. Let z = a + r. List the prime factors of z.
2
Let j(u) = -2*u**2 + 210*u - 205*u + 4*u**2 + 2. Let i(y) = -y + 1. Let o be i(5). List the prime factors of j(o).
2, 7
Let u(q) = -q**3 + 15*q**2 + 28*q + 26. What are the prime factors of u(13)?
2, 7, 13
Suppose v - 2*t - 101 = 0, 9*t - 8 = 5*t. List the prime factors of v.
3, 5, 7
Suppose 2*v = 7*v - 470. Suppose 0 = 2*y - y - v. Suppose 2*j + y = 4*j. What are the prime factors of j?
47
Let x = -40 + 42. Suppose 5*s - 189 = 3*a + 237, x = -a. List the prime factors of s.
2, 3, 7
Let s be ((-112)/(-21))/((-6)/(-387)). Let m be -2 + (s/1)/2. Suppose 5*a = y + m, -4*a + 5*y = 2*y - 147. List the prime factors of a.
3, 11
Let b(m) = 3332*m**2 - 11*m + 9. List the prime factors of b(1).
2, 3, 5, 37
Suppose 0 = -2*z + 10, -m + 3*z = -0*m - 15. Let g = m - 26. What are the prime factors of g?
2
Suppose 6*z + 240 - 4428 = 0. What are the prime factors of z?
2, 349
Suppose z + z = -3*b - 55, 0 = 3*b + z + 59. Let k = b + 23. Suppose 6*f - 52 = k*f. What are the prime factors of f?
13
Let p(y) = -47*y + 45*y + 2 - 1. Let n be p(7). Let g = 24 + n. What are the prime factors of g?
11
Let u = -4 - -9. Suppose 0 = k + 4*g - 8 - 94, 2*k + u*g - 213 = 0. List the prime factors of k/16 + (-1)/8.
7
Let y = 52 - -59. Suppose -3*z = -0*z + y. Let v = z - -82. List the prime factors of v.
3, 5
Let y(g) = -7*g + 3 + 1 + 1 - 4. Let k be y(-1). Let o = 13 + k. What are the prime factors of o?
3, 7
Let k(g) = g**3 - 57*g**2 + 81*g - 70. What are the prime factors of k(56)?
2, 5, 7, 19
Suppose m + 3*g = 6, -3*m - 4*g - 20 = -4*m. List the prime factors of m.
2, 3
Let r(b) = -8*b - 11. Let a be r(-2). Suppose 2*p + 91 = 3*p + 5*w, -345 = -a*p - 3*w. List the prime factors of p.
2, 3, 11
Let g = 39 - 89. Let v = g + 104. List the prime factors of v.
2, 3
What are the prime factors of 1*(-8)/10 + 8610/75?
2, 3, 19
Suppose 2*l + 3*l - 15 = q, 4*q = -l + 3. What are the prime factors of 22/((14/l)/7)?
3, 11
Suppose -5*a - 3291 = 2*u - 12214, 5*a - 8927 = 2*u. List the prime factors of a.
3, 5, 7, 17
Let l(y) = y**3 + 8*y**2 - 3*y - 14. Let h be l(-8). Suppose 0 = h*c - 7*c - 72. What are the prime factors of c?
2, 3
Suppose -5*a + l + 24 = 0, 2*l - 7 = -a - 0. Let m be 102 - (-6)/(3 - a). Suppose 0 = -s - 2*t + 72, -3*s = -s - 5*t - m. List the prime factors of s.
2, 31
Let y(m) = -m**2 + 11*m + 5. Let c = 18 + -8. Suppose k - c + 5 = 0. What are the prime factors of y(k)?
5, 7
Let m(y) = 3*y**2 + y - 21. Suppose -4*z + 8*z - 36 = 0. List the prime factors of m(z).
3, 7, 11
Suppose 19*m = i + 16*m - 2796, -i = 2*m - 2801. What are the prime factors of i?
3, 311
Let g = 3105 - -1033. What are the prime factors of g?
2, 2069
Suppose 25 = 5*s + y, 3*s - 49 = 5*y - 6. Suppose -s = -m - 16. Let c(j) = -4*j - 6. What are the prime factors of c(m)?
2, 17
Let m(f) = 6*f**2 - 12*f - 11. Let x be m(10). Suppose 6*z - 47 = x. What are the prime factors of z?
2, 43
Suppose -32 = -18*d + 58. Let h(s) be the first derivative of 2*s**3/3 - 4*s**2 + 5*s + 1. List the prime factors of h(d).
3, 5
Suppose -5*h + 28 = -2*c, 0*c = -h + 4*c + 20. Let q be h/(64/(-20))*-4. Suppose v + 3 = 0, q*m - 4*v - 46 = -7*v. List the prime factors of m.
11
Suppose c - 3*w - 232 - 145 = 0, c = 5*w + 383. What are the prime factors of c?
2, 23
Suppose c = 22 - 20. Suppose -15 = q - 4*q, c*q = -g + 171. List the prime factors of g.
7, 23
Suppose -4*w + 3 = 2*x - 1, 2*w - 2*x - 14 = 0. Suppose -56 = -s - a + 4*a, -w*a = -3. What are the prime factors of s?
59
Let w(g) = g**2 + 2*g + 39. Let s be 0/(3*(-5)/(-15)). List the prime factors of w(s).
3, 13
Let w = 1748 + -1154. Suppose -w = -9*z - 0*z. List the prime factors of z.
2, 3, 11
List the prime factors of -2*(813/(-5))/((-24)/(-60)).
3, 271
Let s(a) = -a**2 - 6*a + 5. Let b be s(-6). Suppose 2*o - 3 = x, 5 = -5*o + 3*x + 2*x. Let c = b + o. What are the prime factors of c?
3
Let b be (25/(-10) - -3)*4. Suppose 4*f - 2*f + 46 = 4*w, 3*f = -b*w + 3. Suppose -w*k + 5*k = -88. What are the prime factors of k?
2, 11
Let s = 16 - 12. Suppose 6 = -2*l - 4*q, s*q + 48 = 7*l - 3*l. List the prime factors of (l - 8) + (9 - 0).
2
Let j(b) = 2*b**2 - 5*b + 2. Let a be j(4). Let u be (1/2)/(a/(-28)). Let w = 23 - u. What are the prime factors of w?
2, 3
Suppose -22 = -5*j - 2*v, 3*j - 3*v - 10 = -1. Let s = 1 + j. List the prime factors of 46/s + (-12)/60.
3
Suppose -40 = -2*s - 4*t, 3*s - 68 = -5*t - 9. Let o be (27/s)/(1/2). Suppose 3*w - 3*q = 132, w - 40 = -0*w + o*q. What are the prime factors of w?
2, 23
List the prime factors of (1013 - -1) + 63/(-21) - -2.
1013
Let t = -1355 - -1632. What are the prime factors of t?
277
Let u = 721 + -333. List the prime factors of u.
2, 97
Suppose -3*f + 2*d + 936 = -428, -3*f + 5*d = -1358. What are the prime factors of f?
2, 3, 19
Let f(t) = -3*t + 17. Let l be f(-6). Let o = -21 + l. List the prime factors of o.
2, 7
Suppose -5*l + 2*y = -8, -4 = 7*y - 6*y. Suppose 27*f - 26*f - 199 = l. What are the prime factors of f?
199
Let l(r) = r**2 + 19*r + 21. Let j be l(-18). List the prime factors of (3 + -1 - 1) + j.
2
Let x(a) be the third derivative of a**4/4 - 13*a**3/6 - a**2. Let n be (-210)/(-175) + (-29)/(-5) + 6. What are the prime factors of x(n)?
5, 13
Let a(m) = -8*m + 1 - 17*m + 0. Suppose -6*s - 2 = 4. What are the prime factors of a(s)?
2, 13
Suppose -4*w = -h + 293, -w = -0*h - h + 281. List the prime factors of h.
277
Let m(q) = -q**3 + 32*q**2 - 25*q + 22. What are the prime factors of m(25)?
2, 23, 41
Let o = -221 - -419. Let x = -42 + o. What are the prime factors of x?
2, 3, 13
Let a = 0 - -2. Suppose a*r = 13 - 9. Suppose y - 30 = 8*z - 4*z, r*z + 222 = 5*y. What are the prime factors of y?
2, 23
Suppose 0 = -13*z + 12115 + 8464. What are the prime factors of z?
1583
Let d(f) = 16*f - 21. Let v be d(11). Let j = v - 99. What are the prime factors of j?
2, 7
Let n = -1850 + 2564. List the prime factors of n.
2, 3, 7, 17
Suppos